) = 101*q + 37. Let u(g) = -454*g - 149. Let a(j) = 18*l(j) + 4*u(j). Give a(-8).
54
Suppose -4*b + 12 = -12. Let m(l) = -2*l - 42923 - l**2 + 42925 + 4*l. Give m(b).
-22
Let x(j) = 94*j - 287. Let h(w) = 61*w - 4938. Let d be h(81). Give x(d).
-5
Let z(m) = -85 + 7*m + 131 - 26 + 688*m**2 - 81 - 697*m**2 + m**3. Give z(9).
2
Let s(z) = -z**2 - 9*z - 7. Let a be s(-6). Let u(k) = -7 - 8*k - 7*k**3 + 607*k**2 + 4*k - 5*k - 617*k**2 + 3*k**3 + 5*k**3. What is u(a)?
15
Suppose -i = -3*r - 40, 22 = i - 5*r - 28. Let a = i - 26. Let j(p) = -3*p - 1. Calculate j(a).
2
Let p(y) = -13*y**2 + 100*y - 212. Let x be p(3). Let t(d) = d**3 + 31*d**2 + 57*d - 43. Calculate t(x).
-14
Let a(y) be the second derivative of -y**3 - 7*y**2/2 + y + 392. Give a(8).
-55
Let j = 4918 + -4914. Let y(x) be the first derivative of -31 + j*x + 1/2*x**2. What is y(-3)?
1
Let w(f) = -7. Let d(t) = -t**2 - 11. Let b(y) = 5*d(y) - 8*w(y). Let q(s) = -19*s**2 - s + 3. Let j(i) = -9*b(i) + 2*q(i). Give j(-2).
29
Let f(z) = 13*z**2 - 21*z - 3. Let t(m) = -2 + 96*m - 7*m**2 + 3 - 85*m. Let l(b) = -6*f(b) - 11*t(b). Let s be 7 - (-4 - -1)/(-3). Give l(s).
1
Let o(j) = -1 - 19*j - 26 + 18*j. Suppose -68*x - 593 = 108 - 21. Give o(x).
-17
Let r(x) = x**2 + 2*x - 36. Let a(o) = -2*o**2 - 3*o + 38. Let y = 37 - 35. Let f(s) = y*a(s) + 3*r(s). What is f(0)?
-32
Suppose -4*s = -4*g + 8, 5*s + 0*g + 26 = g. Let o = s - 24. Let m be 48/o + (-6)/15. Let a(n) = -2*n**3 - 4*n**2 - 3*n. Determine a(m).
6
Let f(q) = -525*q + 6032. Let a(j) = -89*j + 1005. Let r(u) = 35*a(u) - 6*f(u). Determine r(29).
-2
Suppose -17 = -84*s + 83*s. Suppose s = -39*j + 56. Let z(p) = 6*p**3 - 2*p**2 + 2*p - 1. Give z(j).
5
Let w(x) be the second derivative of x**4/4 - 7*x**3/6 - x**2/2 + 343*x - 2. Determine w(3).
5
Let l(b) be the second derivative of 27*b - 1/180*b**6 + 1/120*b**5 + 0 + 1/6*b**4 + 0*b**2 + 0*b**3. Let v(q) be the third derivative of l(q). What is v(-3)?
13
Let a be (-324)/(-126) + (-8)/14. Suppose -23 = -m + 4*u - 9, 0 = -4*m + a*u + 56. Let l(t) = -6*t + m*t - 7*t + 10 + 0*t. Determine l(-8).
2
Suppose 4378*h = 4362*h. Let l(w) be the third derivative of -w**5/60 - w**4/24 + 49*w**3/6 + 8*w**2. Give l(h).
49
Let h(o) = -o**2 - 13*o - 29. Let v(b) = -4*b**2 - 66*b - 117. Let g(y) = -9*h(y) + 2*v(y). Give g(15).
27
Suppose -4*b - 25 = 37*i - 32*i, i - 63 = 6*b. Let d(k) = 15*k - 5*k - 5 + 1. Give d(i).
26
Let d(y) be the second derivative of y**5/20 - y**4/2 + 7*y**3/6 - 3*y**2 + 77*y. Suppose -6 + 16 = 2*c. Give d(c).
4
Let t = 89511 + -35066. Let r(f) = -54441 + t + f**2 + 7*f - 2*f**2. Calculate r(8).
-4
Let l(i) be the third derivative of -i**4/4 + i**3 + i**2 - 832. Determine l(2).
-6
Let w be (-21 + 19)*(-12)/8. Let s(l) = 192*l + 200*l - 384*l - w. Give s(-3).
-27
Let l(c) = -3*c**3 + 4*c**2 - 5*c + 4. Let q(s) = -26*s + 392. Let x be q(15). Determine l(x).
-14
Let f(r) be the third derivative of -r**5/60 + 7*r**4/24 + 7*r**3/3 - 1290*r**2. What is f(0)?
14
Let k(p) = -p**3 - 7*p**2 - 7*p - 1. Let g(z) = 208*z + 8. Let t be g(4). Suppose s - t = 11*s. Let y = 78 + s. Calculate k(y).
5
Let g(b) be the first derivative of b**4/4 + b**3 + 3*b**2 - 17*b - 4095. What is g(2)?
15
Let t(u) = -u**2 + u - 1. Let v(p) = 7*p + 3 + 6 + 3*p**2 + 0*p**2. Let r(l) = 2*t(l) + v(l). Suppose 5 = -3*k + 4*s, s = -9*k + 8*k - 11. Calculate r(k).
-7
Let f(s) be the second derivative of 0 - s**3 + 1/60*s**5 - 15/2*s**2 + 5/24*s**4 + 20*s. Let m(r) be the first derivative of f(r). Calculate m(-6).
0
Let f(t) = -2*t - 2. Suppose -19*u + 20 = -20*u. Let v = -27 - u. Let l(c) = -3*c - 16. Let h be l(v). Determine f(h).
-12
Let i be (44/4 + -15)*1. Let n(k) = -k**3 + 4*k**2 - 3*k - 3. Let z(a) = -4*a**3 + 12*a**2 - 10*a - 9. Let t(w) = -7*n(w) + 2*z(w). What is t(i)?
-1
Let r be (0/(-4 - -1))/(-2). Let y be (-39)/(-6)*(r/2 - 2). Let m(p) = -p**2 - 12*p. Determine m(y).
-13
Suppose c - z = 0, z + 3*z = -5*c - 18. Let q(y) be the third derivative of -y**6/120 - y**5/30 - y**4/8 - y**3/3 - 54*y**2. Determine q(c).
4
Let q(x) be the first derivative of 1/120*x**5 + 9 - 2/3*x**3 + 0*x - 7/24*x**4 + 0*x**2. Let s(y) be the third derivative of q(y). What is s(0)?
-7
Let k be (-48)/9 - 4/6. Let j = k - 3. Let a(l) = -2*l**2 - 83*l + 4. Let z(g) = -3*g**2 - 120*g + 6. Let y(o) = -10*a(o) + 7*z(o). Calculate y(j).
11
Let c(u) = -12*u + 388. Let a be c(32). Let n = 5 + -1. Let m(q) = -q**2 + 11 + q - 13 + n*q. Determine m(a).
2
Let j(o) = -o**3 + 17*o**2 - 14*o - 29. Let v = 18394 + -18378. Determine j(v).
3
Let f(x) = 2*x + 5. Let d(j) = -145*j - 84. Let g be d(-5). Let m = -645 + g. Calculate f(m).
-3
Let o(w) be the first derivative of 7*w**4/4 - w**3/3 - w**2/2 + 3. Suppose 0 = 2*f + x - 86 - 123, -2*x + 522 = 5*f. Suppose d + 105 = f. What is o(d)?
-7
Let u(x) = x**3 + 4*x**2 - x - 4. Let n be 572/28 + (12/(-14))/2. Suppose -4*i = 6*i + n. Let c be (-4)/(-5 + 3)*i. Determine u(c).
0
Let l(p) = -2*p + 3. Let s(g) be the second derivative of -1/6*g**3 + 0 - 13/2*g**2 + 30*g. Let o be s(-16). What is l(o)?
-3
Let x(k) = -2*k**2 - 5*k + 3. Suppose 0 = 11*z - 101 - 108. Suppose -b + z = 4*t, -t = -10*b + 7*b + 5. Determine x(t).
-49
Let o(f) = 6*f - 6*f + 2*f - 71 - 20*f + 6*f. Let h(m) = 7*m + 37. Let x(a) = -7*h(a) - 4*o(a). Give x(15).
10
Let j = -2 + 4. Let y be 6/5*(-130)/(-52). Let o(d) = -y*d - d + 5 + j*d + d. Calculate o(3).
2
Suppose 4*r + 3 = -3*u, 2*u + r + 7 + 0 = 0. Let d(p) = -6*p - 3*p**2 - 30733505*p**3 + 30733506*p**3 + 7*p**2 - 2 + 1. Determine d(u).
4
Suppose -34*q + 91 = -113. Let c(z) = 16*z - z - 5*z**3 - z + 5*z**2 - 7*z - 5 + 4*z**3. Give c(q).
1
Let f(q) = q**2 + 20*q + 91. Let h(c) = -3*c**2 - 60*c - 271. Let s(d) = 17*f(d) + 6*h(d). Let y be s(-14). Let v(l) = -2*l - 4. Calculate v(y).
-14
Let q(k) = 59*k**2 + 266*k + 167. Let g(o) = -11*o**2 - 53*o - 34. Let z(x) = -11*g(x) - 2*q(x). Calculate z(-16).
-8
Let w(k) = -2*k**3 + 54*k**2 + 2*k - 47. Suppose 0 = 5*b - 5*m - 130, 0 = -9*b + 4*b + 4*m + 131. What is w(b)?
7
Let d(u) = 3*u**3 + 10 - 9*u**2 + 5*u - 4*u**3 - 13*u**2 - u + 18*u**2. Give d(-4).
-6
Let u(n) = 6*n + 5. Let t(i) = -1 - 14*i**2 + 46*i**2 - 15*i**2 - 16*i**2. Let c(y) = t(y) - u(y). Suppose -2*g + 6 = -3*p, g + 5*p - p = 14. Give c(g).
-6
Let o(v) be the second derivative of 9*v**5/20 + v**3/3 + v**2/2 - 8*v. Let t = 644 + -645. Determine o(t).
-10
Suppose -3*l - 11*u + 114 = -8*u, -3*u = l - 30. Let c = -88 + 125. Let x = l - c. Let n(m) = m**2 - 3*m - 1. Calculate n(x).
9
Let f(l) = 3*l + 5. Let c(h) = -5*h - 4. Let x(g) = 2*g**2 - 8*g + 6. Let o be x(4). Let j be ((-6)/4)/(o/12). Let q(w) = j*f(w) - 2*c(w). Determine q(3).
-4
Let q(m) = -4*m + 4. Suppose 4*b - r + 22 = -3*r, -5*r = -b - 11. Let j = -5 - b. Let n be 85/(-17)*(-2 + j). Calculate q(n).
-16
Let p(r) = -3*r + 7. Let m(n) = 9*n - 20. Let t(z) = -6*m(z) - 17*p(z). Let f(s) = s. Let i(v) = -7*f(v) - 4*t(v). Give i(4).
16
Let v(x) = x**3 + 4*x**2 - 15*x - 57. Let d be v(-4). Suppose d*q = -13*q - 192. Let a(g) = g + 15. Calculate a(q).
3
Let o(b) = b**3 - 6*b**2 + 3. Suppose 16*i + 5983 = -385. Let x = -392 - i. Give o(x).
3
Suppose 209*l = 203*l + 264. Suppose -l = -21*s + 61. Let r(m) = -5*m + 21. Determine r(s).
-4
Let m(b) be the third derivative of b**4/3 + 8*b**3/3 + 209*b**2. Give m(7).
72
Let j(a) = 14*a + 2. Suppose -l - 4*f + 0*f - 35 = 0, 0 = -2*f - 14. What is j(l)?
-96
Suppose -v - 2*z = 3*v, -22 = -3*v + 4*z. Let x(t) be the first derivative of -t**4/4 - t**3/3 + 761. Give x(v).
-12
Let f = -759 + 832. Let a(c) = -41*c - 2*c**2 + 7 - 1 + f*c + c**2 - 44*c. Give a(-12).
6
Let k be 57/6*(-1)/(((-117)/18)/(-13)). Let s(q) = q**2 + 18*q - 3. Calculate s(k).
16
Let r(f) = -4*f + 8. Suppose 323*o - 328*o - 11 = l, -3*l - 6*o - 15 = 0. What is r(l)?
12
Let n(x) = x**3 + 6*x**2 - 30. Suppose 98 = -23*z + 29, 5*z + 8 = h. Calculate n(h).
-79
Let x(a) = -7*a**2 + 3*a + 1. Suppose 16*h - 169 = 3*h. Suppose -12*o + 7*o + h = -4*k, 4*k + o + 7 = 0. Calculate x(k).
-33
Let y(l) = -2*l**3 + 9*l**2 + 7*l - 16. Suppose 290 - 375 = -17*t. What is y(t)?
-6
Let x(z) = 147*z**2 - 46*z - 26. Let j(g) = -48*g**2 + 16*g + 9. Let i(v) = -17*j(v) - 6*x(v). Calculate i(-1).
-67
Let r(b) = b**3 + 15*b**2 + 10. Let n be r(-15). 